
{"id":3295,"date":"2015-09-28T12:06:14","date_gmt":"2015-09-28T10:06:14","guid":{"rendered":"http:\/\/www.geometrire.it\/collegio\/?page_id=3295"},"modified":"2026-02-03T17:52:23","modified_gmt":"2026-02-03T16:52:23","slug":"altri-contenuti","status":"publish","type":"page","link":"https:\/\/www.geometrire.it\/collegio\/amministrazione-trasparente\/altri-contenuti\/","title":{"rendered":"* ALTRI CONTENUTI"},"content":{"rendered":"<p><strong>ALTRI CONTENUTI: <\/strong><strong>PREVENZIONE DELLA CORRUZIONE<\/strong><\/p>\n<p><strong>Piani Triennali di Prevenzione della Corruzione e della Trasparenza (PTPCT storici pubblicati in Programma per la Trasparenza e l&#8217;Integrit\u00e0)<\/strong><\/p>\n<p><strong>Conferma PTPCT 2024-2026 per l&#8217;anno 2026 <\/strong>&#8211; data pubblicazione 30\/01\/2026<br \/>\nDelibera seduta Consiglio Direttivo &#8211; <a href=\"https:\/\/www.geometrire.it\/collegio\/wp-content\/uploads\/sites\/5\/2026\/02\/Estratto-Verbale-CD-1-del-29_01_2026.pdf\">Estratto Verbale CD 1 del 29_01_2026<\/a><\/p>\n<p><strong>Conferma PTPCT 2024-2026 per l&#8217;anno 2025 <\/strong>&#8211; data pubblicazione 21\/01\/2025<br \/>\nDelibera seduta Consiglio Direttivo &#8211; <a href=\"https:\/\/www.geometrire.it\/collegio\/wp-content\/uploads\/sites\/5\/2025\/04\/Estratto-Verbale-CD-1-del-21_01_2025.pdf\">Estratto Verbale CD 1 del 21_01_2025<\/a><\/p>\n<p><a href=\"https:\/\/www.geometrire.it\/collegio\/wp-content\/uploads\/sites\/5\/2024\/02\/Piano-Triennale-Anticorruzione-2024-2026-Collegio-Geometri-Reggio-Emilia.pdf\">PTPCT 2024 &#8211; 2026<\/a> &#8211; adottato con Delibera di C.D. in data 24\/01\/2024<br \/>\n<a href=\"https:\/\/www.geometrire.it\/collegio\/wp-content\/uploads\/sites\/5\/2024\/02\/Allegato-1-Mappatura-dei-rischi-PTPCT-2024-2026.xlsx\">Allegato 1 &#8211; Mappatura dei rischi\u00a0 PTPCT 2024-2026<\/a><br \/>\n<a href=\"https:\/\/www.geometrire.it\/collegio\/wp-content\/uploads\/sites\/5\/2024\/02\/Allegato-2-Elenco-obblighi-di-pubblicazione-vigenti.xls\">Allegato 2 &#8211; Elenco obblighi di pubblicazione vigenti<\/a><\/p>\n<p><strong>PTPCT 2023\/2025 <\/strong>&#8211; data pubblicazione 05\/04\/2023<br \/>\n<a href=\"https:\/\/www.geometrire.it\/collegio\/wp-content\/uploads\/sites\/5\/2023\/04\/PTPCT-2023_2025-CollegioRE_ADOTTATO-1.pdf\">PTPCT 2023\/2025 adottato con Delibera di C.D. in data 28\/03\/2023<\/a><br \/>\n<a href=\"https:\/\/www.geometrire.it\/collegio\/wp-content\/uploads\/sites\/5\/2023\/04\/Allegato-1-PTPCT_Obiettivi-strategici-2023_rev-1.pdf\">Allegato 1 &#8211; Obiettivi strategici<\/a><br \/>\n<a href=\"https:\/\/www.geometrire.it\/collegio\/wp-content\/uploads\/sites\/5\/2023\/04\/Allegato-2-PTPCT_Tabella-gestione-rischio-2023.xlsx\">Allegato 2 &#8211; Tabella gestione rischio<\/a><br \/>\n<a href=\"https:\/\/www.geometrire.it\/collegio\/wp-content\/uploads\/sites\/5\/2023\/04\/Allegato-3-PTPCT_Piano-annuale-di-formazione-2023_rev-1-1.pdf\">Allegato 3 &#8211; Piano annuale di formazione<\/a><br \/>\n<a href=\"https:\/\/www.geometrire.it\/collegio\/wp-content\/uploads\/sites\/5\/2023\/04\/Allegato-4-PTPCT_Schema_obblighi_trasparenza_2023.xls\">Allegato 4 &#8211; Schema obblighi trasparenza<\/a><\/p>\n<p>&nbsp;<\/p>\n<p><strong>Atti di nomina<br \/>\n<\/strong><strong>Nomina RPCT e RASA geom. Alessia Tampelloni \u2013 dal 18\/10\/2022<br \/>\n<\/strong>Delibera seduta Consiglio Direttivo n.13\/2022 del 18\/10\/2022 <a href=\"https:\/\/www.geometrire.it\/collegio\/wp-content\/uploads\/sites\/5\/2022\/11\/Estratto-Verbale-CD-13-del-18_10_2022-RPCT_RASA.pdf\">Estratto Verbale CD 13 del 18_10_2022 RPCT_RASA<\/a><\/p>\n<p><strong>Relazioni annuali del RPCT (art. 1, c.14, Legge n. 190\/2012)<\/strong><\/p>\n<p>29\/01\/2026 &#8211; <a href=\"https:\/\/www.geometrire.it\/collegio\/wp-content\/uploads\/sites\/5\/2026\/01\/Scheda-relazione-RPCT-2025_Collegio-RE.xlsx\">Relazione RPCT anno 2025<\/a><\/p>\n<p>17\/01\/2025 &#8211; <a href=\"https:\/\/www.geometrire.it\/collegio\/wp-content\/uploads\/sites\/5\/2025\/01\/Scheda-relazione-RPCT-Com.Pres_.29.10.24-COLLEGIO-GEOMETRI-REGGIO.xlsx\">Relazione RPCT anno 2024<\/a><\/p>\n<p>31\/01\/2024 &#8211; <a href=\"https:\/\/www.geometrire.it\/collegio\/wp-content\/uploads\/sites\/5\/2024\/01\/Scheda-Relazione-annuale-RPCT.xlsx\">Relazione RPCT anno 2023<\/a><\/p>\n<p>15\/01\/2023 &#8211; <a href=\"https:\/\/www.geometrire.it\/collegio\/wp-content\/uploads\/sites\/5\/2023\/03\/RPCT_Scheda-relazione-annuale_2022_Collegio-Geometri-RE_rev.1.xlsx\">Relazione RPCT anno 2022<\/a><\/p>\n<p>&nbsp;<\/p>\n<p><strong>Provvedimenti adottati dall&#8217;ANAC ed atti di adeguamento a tali provvedimenti in materia di vigilanza e controllo anticorruzione (art. 1, co. 3, l. n. 190\/2012)<\/strong>\u00a0&#8211; pagina aggiornata al 31\/12\/2024<br \/>\nNon sono stati adottati provvedimenti nei confronti dell&#8217;Ente<\/p>\n<p><strong>Atti di accertamento delle violazioni delle disposizioni di cui all&#8217;art. 18, co. 5, D. Lgs. n. 39\/2013<\/strong> &#8211; pagina aggiornata al 31\/12\/2024<br \/>\nNessuna violazione accertata all&#8217;interno dell&#8217;Ente<\/p>\n<p>&nbsp;<\/p>\n<p><strong>ALTRI CONTENUTI: ACCESSO CIVICO<\/strong><\/p>\n<p>Definizioni delle tipologie di accesso:<\/p>\n<ul>\n<li><strong>accesso documentale<\/strong>: si intende l&#8217;accesso disciplinato dal capo V della legge 241\/1990;<\/li>\n<li><strong>accesso civico<\/strong>: si intende l&#8217;accesso di cui all&#8217;art. 5, comma 1, del D. Lgs. 33\/2013, ai documenti oggetto degli obblighi di pubblicazione;<\/li>\n<li><strong>accesso generalizzato<\/strong>: si intende l&#8217;accesso di cui all&#8217;art. 5, comma 2, del D. Lgs. 33\/2013 come modificato dal D. Lgs. 97\/2016.<\/li>\n<\/ul>\n<p>L\u2019accesso civico rimane circoscritto ai soli atti, documenti e informazioni oggetto di obblighi di pubblicazione e costituisce un rimedio alla mancata osservanza degli obblighi di pubblicazione imposti dalla legge, sovrapponendo al dovere di pubblicazione, il diritto del privato di accedere ai documenti, dati e informazioni interessati dall\u2019inadempienza.<\/p>\n<p>L\u2019accesso generalizzato si delinea come (Cfr. Linee Guida ANAC) affatto autonomo ed indipendente da presupposti obblighi di pubblicazione e come espressione, invece, di una libert\u00e0 che incontra, quali unici limiti, da una parte, il rispetto della tutela degli interessi pubblici e\/o privati indicati all\u2019art. 5 bis, commi 1 e 2 decreto trasparenza, e dall\u2019altra, il rispetto delle norme che prevedono specifiche esclusioni (art. 5 bis, comma 3 decreto trasparenza).<\/p>\n<p>I due diritti di accesso descritti appena sopra, pur accomunati dal diffuso riconoscimento in capo a \u201cchiunque\u201d, indipendentemente dalla titolarit\u00e0 di una situazione giuridica soggettiva connessa, sono quindi destinati a muoversi su binari differenti, come si ricava anche dall\u2019inciso inserito all\u2019inizio del comma 5 dell\u2019art. 5, \u201cfatti salvi i casi di pubblicazione obbligatoria\u201d, nel quale viene disposta l\u2019attivazione del contraddittorio in presenza di controinteressati per l\u2019accesso generalizzato.<\/p>\n<p>L\u2019accesso agli atti di cui alla l. 241\/90 cosiddetto &#8220;documentale&#8221; continua a sussistere parallelamente all\u2019accesso civico (generalizzato e non), operando sulla base di norme e presupposti diversi. La finalit\u00e0 dell\u2019accesso documentale di cui agli articoli 22 e seguenti della legge 7 agosto 1990, n. 241 \u00e8, in effetti, ben differente da quella dell&#8217;accesso generalizzato ed \u00e8 quella di porre i soggetti interessati in grado di esercitare al meglio le facolt\u00e0 &#8211; partecipative e\/o oppositive e difensive \u2013 che l&#8217;ordinamento attribuisce loro a tutela delle posizioni giuridiche qualificate di cui sono titolari. Pi\u00f9 precisamente, dal punto di vista soggettivo, ai fini dell\u2019istanza di accesso ex lege 241 il richiedente deve dimostrare di essere titolare di un <em>\u00abinteresse diretto, concreto e attuale, corrispondente ad una situazione giuridicamente tutelata e collegata al documento al quale \u00e8 chiesto l&#8217;accesso\u00bb<\/em>.<\/p>\n<p>Mentre la legge 241\/90 esclude perentoriamente l\u2019utilizzo del diritto di accesso ivi disciplinato al fine di sottoporre l\u2019amministrazione a un controllo generalizzato, il diritto di accesso generalizzato, oltre che quello \u201csemplice\u201d, \u00e8 riconosciuto proprio <em>\u201callo scopo di favorire forme diffuse di controllo sul perseguimento delle funzioni istituzionali e sull\u2019utilizzo delle risorse pubbliche e di promuovere la partecipazione al dibattito pubblico\u201d<\/em>.<\/p>\n<p><em>MODULISTICA<\/em> Sezione in aggiornamento<\/p>\n<p><em>REGOLAMENTO INTERNO SULL&#8217;ACCESSO<\/em> Sezione in aggiornamento<\/p>\n<p><a href=\"https:\/\/www.geometrire.it\/collegio\/wp-content\/uploads\/sites\/5\/2026\/01\/Registro-degli-accessi-II-semestre-2025.pdf\">Registro degli accessi II semestre 2025<\/a><br \/>\n<a href=\"https:\/\/www.geometrire.it\/collegio\/wp-content\/uploads\/sites\/5\/2025\/07\/Registro-accessi-I-semestre-2025.pdf\">Registro degli accessi I semestre 2025<\/a><\/p>\n<p><a href=\"https:\/\/www.geometrire.it\/collegio\/wp-content\/uploads\/sites\/5\/2025\/01\/Registro-accessi-II-semestre-2024.pdf\">Registro degli accessi II semestre 2024<\/a><br \/>\n<a href=\"https:\/\/www.geometrire.it\/collegio\/wp-content\/uploads\/sites\/5\/2025\/01\/Registro-accessi-I-semestre-2024.pdf\">Registro degli accessi I semestre 2024<\/a><\/p>\n<p><a href=\"https:\/\/www.geometrire.it\/collegio\/wp-content\/uploads\/sites\/5\/2024\/01\/Registro_accessi_II-sem_2023.pdf\">Registro degli accessi II semestre 2023<\/a><br \/>\n<a href=\"https:\/\/www.geometrire.it\/collegio\/wp-content\/uploads\/sites\/5\/2023\/11\/Registro_accessi_I-sem-2023.pdf\">Registro degli accessi I semestre 2023<\/a><\/p>\n<p><strong>ALTRI CONTENUTI: WHISTLEBLOWING<\/strong><br \/>\n<a href=\"https:\/\/www.geometrire.it\/collegio\/wp-content\/uploads\/sites\/5\/2023\/10\/Regolamento-Whistleblowing-CollegioRE_11_07_2023.pdf\">Regolamento per la segnalazione di illeciti e irregolarit\u00e0 &#8220;<em>WHISTLEBLOWING<\/em>&#8220;<\/a> &#8211; Delibera C.D. 11\/07\/2023<\/p>\n<p><a href=\"https:\/\/www.geometrire.it\/collegio\/wp-content\/uploads\/sites\/5\/2024\/01\/Modulo-segnalazione-illeciti-e-irregolarita-WB_Allegato-1.pdf\">Modulo segnalazione illeciti e irregolarit\u00e0 Allegato 1<\/a><\/p>\n<p><a href=\"https:\/\/www.geometrire.it\/collegio\/wp-content\/uploads\/sites\/5\/2024\/01\/Modulo-segnalazione-illeciti-e-irregolarita-WB_Allegato-2.pdf\">Modulo segnalazione illeciti e irregolarit\u00e0 Allegato 2<\/a><\/p>\n<p><a href=\"https:\/\/www.geometrire.it\/collegio\/wp-content\/uploads\/sites\/5\/2023\/10\/WBIT-Modello-di-informativa-privacy-tra-ente-e-segnalanti.pdf\">Informativa Privacy segnalazioni whistleblowing\u00a0<\/a><\/p>\n<p>Link per la segnalazione mediante piattaforma informatica dedicata WhistleblowingPA: <a href=\"https:\/\/collegiogeometrireggioemilia.whistleblowing.it\/\">https:\/\/collegiogeometrireggioemilia.whistleblowing.it\/\u00a0<\/a><\/p>\n<p>&nbsp;<\/p>\n<p>Sezione in aggiornamento<\/p>\n<p>&nbsp;<\/p>\n<p><strong>ALTRI CONTENUTI: ACCESSIBILITA&#8217;<\/strong><\/p>\n<p><a href=\"https:\/\/form.agid.gov.it\/view\/1c1aec8e-98d5-4678-81b5-65dc16afb20c\">Obiettivi di accessibilit\u00e0 2023<\/a><\/p>\n<p>Link alla <a href=\"https:\/\/form.agid.gov.it\/view\/f9d98044-9b59-4f3d-a204-ccdc193fb205\">Dichiarazione di accessibilit\u00e0<\/a> &#8211; aggiornato al 24\/09\/2023<\/p>\n","protected":false},"excerpt":{"rendered":"<p>ALTRI CONTENUTI: PREVENZIONE DELLA CORRUZIONE Piani Triennali di Prevenzione della Corruzione e della Trasparenza (PTPCT storici pubblicati in Programma per la Trasparenza e l&#8217;Integrit\u00e0) Conferma PTPCT 2024-2026 per l&#8217;anno 2026 &#8211; data pubblicazione 30\/01\/2026 Delibera seduta Consiglio Direttivo &#8211; Estratto Verbale CD 1 del 29_01_2026 Conferma PTPCT 2024-2026 per l&#8217;anno 2025 &#8211; data pubblicazione 21\/01\/2025 Delibera seduta Consiglio Direttivo &#8211; Estratto Verbale CD 1 del 21_01_2025 PTPCT 2024 &#8211; 2026 &#8211; adottato con Delibera di C.D. in data 24\/01\/2024 Allegato 1 &#8211; Mappatura dei rischi\u00a0 PTPCT 2024-2026 Allegato 2 &#8211; Elenco obblighi di pubblicazione vigenti PTPCT 2023\/2025 &#8211; data pubblicazione&#8230;<\/p>\n","protected":false},"author":1,"featured_media":0,"parent":1203,"menu_order":0,"comment_status":"closed","ping_status":"closed","template":"","meta":[],"_links":{"self":[{"href":"https:\/\/www.geometrire.it\/collegio\/wp-json\/wp\/v2\/pages\/3295"}],"collection":[{"href":"https:\/\/www.geometrire.it\/collegio\/wp-json\/wp\/v2\/pages"}],"about":[{"href":"https:\/\/www.geometrire.it\/collegio\/wp-json\/wp\/v2\/types\/page"}],"author":[{"embeddable":true,"href":"https:\/\/www.geometrire.it\/collegio\/wp-json\/wp\/v2\/users\/1"}],"replies":[{"embeddable":true,"href":"https:\/\/www.geometrire.it\/collegio\/wp-json\/wp\/v2\/comments?post=3295"}],"version-history":[{"count":46,"href":"https:\/\/www.geometrire.it\/collegio\/wp-json\/wp\/v2\/pages\/3295\/revisions"}],"predecessor-version":[{"id":13786,"href":"https:\/\/www.geometrire.it\/collegio\/wp-json\/wp\/v2\/pages\/3295\/revisions\/13786"}],"up":[{"embeddable":true,"href":"https:\/\/www.geometrire.it\/collegio\/wp-json\/wp\/v2\/pages\/1203"}],"wp:attachment":[{"href":"https:\/\/www.geometrire.it\/collegio\/wp-json\/wp\/v2\/media?parent=3295"}],"curies":[{"name":"wp","href":"https:\/\/api.w.org\/{rel}","templated":true}]}}